 What is the remainder when (n + 0)*(-6)/(-5) is divided by h?
12
Suppose -4*v - 3*o = -257, 3*o = -20*v + 21*v - 53. What is the remainder when v is divided by 32?
30
Suppose 0 = m + 17*g - 19*g - 137, -4*g = -4*m + 536. Calculate the remainder when m is divided by 39.
14
Suppose -237 + 174 = 3*g. Let o = g + 65. Suppose -3*b = -5*w + 42, -b - 35 = -4*w - 0*b. What is the remainder when o is divided by w?
8
Calculate the remainder when 447 is divided by 78/52 + ((-29)/(-2) - 1).
12
Let f(p) = 40*p**2 + p + 1. Let q = 19867 + -19857. What is the remainder when f(-2) is divided by q?
9
Calculate the remainder when 2/(-4) - (-11 - 31/2) is divided by 10.
6
Let a(c) = -6*c - 16. Let o(b) = b**2 - 8*b - 14. Let u be o(9). Calculate the remainder when 27 is divided by a(u).
13
Let c be 2/8 - (-19)/4. Suppose 0 = -c*i + 679 - 269. Calculate the remainder when i is divided by 17.
14
Suppose -4*b = -31 + 107. Let z = 26 + b. Calculate the remainder when 27 is divided by z.
6
Suppose -w + 4*c = -24, 3*w = -4*c - 3 - 5. Let b(x) = 6*x**2 - 2*x - 2. What is the remainder when b(-1) is divided by w?
2
Let y be 3/((-1)/(-2)*2). Suppose 0 = -5*x + 10, -y*x - 36 = -3*h + h. Suppose 2*i - 4 - 18 = 0. What is the remainder when h is divided by i?
10
Let x(m) = -14*m**2 - m - 1. Let y(c) = c. Let k(a) = -x(a) - y(a). What is the remainder when k(-1) is divided by 8?
7
Let z = -302 + 332. Let u = -165 + 281. Calculate the remainder when u is divided by z.
26
Suppose -2*g - 4 = -4*x, x + 2*g - 11 = -0*g. Suppose -x*m + 131 = 50. Let l = m - 16. Calculate the remainder when 30 is divided by l.
8
Let b = -16 - -17. Let y be -15*(b + (-4)/3). Suppose 5*c = -4*m + 82, -59 = -y*c - m + 14. Calculate the remainder when 26 is divided by c.
12
Suppose -16795 - 2159 = -78*p. What is the remainder when p is divided by 41?
38
Let c(u) = u + 37. Let y be c(-8). Suppose y = -4*s + 137. Calculate the remainder when 107 is divided by s.
26
Suppose -16 = 4*h - 24. Suppose 2*r = h + 2, 2*r = 5*n - 186. What is the remainder when n is divided by 14?
10
Suppose w - 16 = 170. Suppose -7*h = -h - w. Calculate the remainder when 61 is divided by h.
30
Suppose -3*z + 5 = -t, z - 3*t - 7 = -0. What is the remainder when (6/12)/(z/84) is divided by 17?
8
Let s = 38 - 29. Suppose -6*h = -s*h + 177. Calculate the remainder when h is divided by 12.
11
Suppose -3*x + 3*h + 13 = x, x - 6 = -2*h. Let v(l) = l**3 - 2*l**2 - 5*l + 3. Let m be v(x). Let p = -12 + m. Calculate the remainder when 13 is divided by p.
1
Suppose 8 = q + 5*f - 4, 5*q = -f + 84. Suppose k = -3*k + 132. What is the remainder when k is divided by q?
16
Let k be 3*(-3)/(-3 + -6). Calculate the remainder when 18 is divided by (-2 + k)*(-14)/2.
4
Let g be (3/(-6))/((-3)/(-36)). Let t be (30/(-25))/(g/20). Suppose t*c + 0*c = 28. What is the remainder when 32 is divided by c?
4
Let i(k) = 104*k - 590. What is the remainder when 72 is divided by i(6)?
4
Suppose -308*j = -309*j + 108. What is the remainder when 426 is divided by j?
102
Suppose 5*v - q + 32 = 0, -q = -v - 0*q - 4. Let m = 8 + v. Calculate the remainder when ((-3)/(-2))/(m/18) is divided by 14.
13
Let x(u) = -8 + 3*u + u**3 - 194*u**2 - 5*u + 208*u**2. Calculate the remainder when 58 is divided by x(-14).
18
Suppose 13 = -5*n + 2*z - 19, -2*z = n + 4. Calculate the remainder when 5 is divided by -4*((-9)/n + -2).
1
Let l = 175 + -95. Calculate the remainder when l is divided by 17.
12
Let f(i) = -i**2 + 14*i - 13. Let g(s) = 4*s**2 - 5*s + 6. Let m be g(2). Calculate the remainder when 24 is divided by f(m).
2
Calculate the remainder when (55 + 2)*((-30)/(-6) - 3) is divided by 17.
12
Let g = -76 - -110. Let r(x) = 6*x. Let v = -27 + 29. Calculate the remainder when g is divided by r(v).
10
Let a(m) = 193*m**2 + m - 2. What is the remainder when 203 is divided by a(1)?
11
Suppose 0 = -2*a - 21 + 33. Let k = 143 + -237. Calculate the remainder when k/(-6) - 1/(-3) is divided by a.
4
Let f = 9 - 9. Suppose -p = -f*p - 16. Calculate the remainder when p is divided by (0 - 6)*4/32*-8.
4
Calculate the remainder when 2/8 + (-88615)/(-148) is divided by 14.
11
Suppose -3*b - 2*p = -9, -4*p - 15 = -6*b + b. Let t be ((-5)/(-15))/(b/18). What is the remainder when ((-2)/(-2))/(t/38) is divided by 4?
3
Suppose 43*s - 39*s - 96 = 0. Calculate the remainder when 89 is divided by s.
17
Suppose 0 = -7*z + 98 + 161. What is the remainder when 147 is divided by z?
36
Let i(r) = -5*r - 2. Suppose 5*l - 25 = -0*l. Suppose 13 = -5*m - a, 2*m = -l*a - 0*a - 19. What is the remainder when 13 is divided by i(m)?
5
Let o(x) = -2*x - 3. Let m be o(-4). Let n = 62 - 22. Suppose -m*t + n = -90. Calculate the remainder when t is divided by 9.
8
Calculate the remainder when (3 + (-14)/4)*(-617 + -17) is divided by 29.
27
Let m(y) = 5*y + 3. Let g be m(-1). Let k(j) = 5*j**2 - 2*j. Calculate the remainder when k(g) is divided by 7.
3
Let m(r) = 5*r**2 - 24*r + 75. Calculate the remainder when m(11) is divided by 108.
92
Let c = -1 - 11. Let x be (-2)/(-8) + 3/c. Calculate the remainder when (1 + x)/(8/296) is divided by 13.
11
Suppose 3*g + 5 = 2*g - 5*r, 3*r + 49 = 4*g. Suppose -2*y + 2*x + 2 = 26, 3*y + 5*x - 4 = 0. What is the remainder when 2/7 + (-103)/y is divided by g?
5
Suppose 2*p - 2*u + 7*u - 85 = 0, 5*p - 4*u = 130. Suppose o = -2*z + 14, -2*z - 35 - 35 = -5*o. What is the remainder when 68/(-17) + (p - 0) is divided by o?
12
Let g(u) = 42*u + 394. Calculate the remainder when 478 is divided by g(-9).
14
Let z = -3 + 3. Suppose z = 2*y + i + 7, -5*i = 5*y + 3 + 22. Calculate the remainder when 17 is divided by y - (2 + -2*7).
7
What is the remainder when (-298)/(-8)*(22 + -14) is divided by 13?
12
Let t = -31 - -29. Let f(c) = -42*c - 6. What is the remainder when f(t) is divided by 20?
18
Let p(d) = 12*d**2 - 2*d. Suppose -27 = -5*l - 2. Suppose l*u - 71 = -g, -g - 95 = -5*u + 4*g. What is the remainder when p(2) is divided by u?
14
Let r(p) = -17*p + 5. Let y be r(-2). Suppose -z - 2*z + y = 0. Calculate the remainder when 38 is divided by z.
12
What is the remainder when 182*6/(3 - -3) is divided by 47?
41
Let g(w) = -11*w + 279. What is the remainder when g(22) is divided by 13?
11
Suppose 0 = -6*i + 1348 - 994. What is the remainder when i is divided by 15?
14
Suppose -n = -5 + 1. Suppose 1 = f - 3*q - 0, -4 = -n*f + 3*q. Calculate the remainder when ((-4)/(-10))/(f/130) is divided by 18.
16
Let f(g) = g**3 + 20*g**2 - 7*g - 1. What is the remainder when f(-20) is divided by 26?
9
Let f(u) = -5*u - 1. Let g = 60 - 93. Calculate the remainder when (176/g)/((-2)/9) is divided by f(-2).
6
Suppose 25*f - 336 = 17*f. Calculate the remainder when f is divided by 28.
14
Let i be 85/68 + 1/(-4). Calculate the remainder when 12 is divided by 3 + 82/12 + i/6.
2
Let j(l) = 3*l - 11. Let y be j(2). Let b(v) = -v + 10. What is the remainder when 58 is divided by b(y)?
13
Suppose 298*q - 300*q + 60 = 0. What is the remainder when 179 is divided by q?
29
Suppose 2*z - 46 = -5*h, -76 = -4*z - 5*h + 16. What is the remainder when 136 is divided by z?
21
Suppose -4*c - 8 = 4*u, -5*c - 4 = 2*u + 12. Suppose 4*x - 4*z - 10 = 38, 6 = -2*x - 4*z. Calculate the remainder when x is divided by u.
1
Let v(r) = r**2 + 5*r - 32. Let i(h) = h**2 - 20*h + 21. Let c be i(18). What is the remainder when v(c) is divided by 24?
22
Let s = 440 + -367. Calculate the remainder when s is divided by 39.
34
Let u(z) = 2*z**3 + 3*z**2 + 2*z + 2. Let v be (-2)/4*(7 - 13). Suppose 53 + 37 = v*b. Calculate the remainder when u(3) is divided by b.
29
Suppose 9366 = 1517*w - 1511*w. Calculate the remainder when w is divided by 92.
89
Suppose -2*z - z + 25 = 4*x, 5*x + 5*z = 35. Suppose -t + 29 = 3*m, 8*t - x*m - 88 = 3*t. What is the remainder when 78 is divided by t?
18
Suppose -5*j = -611 - 414. What is the remainder when j is divided by 9?
7
Let k(v) = -2*v - 8. Let p be k(-6). Let h(w) = -7*w - 18. Let f be h(-4). Suppose 5*o = p*o + f. Calculate the remainder when 19 is divided by o.
9
Suppose -3*b - 10 - 11 = 0. Let s(v) = -v**3 - 10*v**2 - 15*v + 2. Let k be s(b). Let z = -23 - k. What is the remainder when 48 is divided by z?
14
Suppose 3*t + 2*n - 164 = 0, -4*t + 234 = -3*n - 2*n. What is the remainder whe